 of 106?
False
Is 11376 a multiple of 16?
True
Is 35063 a multiple of 59?
False
Does 28 divide 21984?
False
Is 143 a factor of 1716?
True
Is 1837 a multiple of 9?
False
Is 35 a factor of 188?
False
Does 4 divide 96?
True
Is 2 a factor of 85?
False
Does 61 divide 183?
True
Does 245 divide 49980?
True
Does 24 divide 2447?
False
Is 27 a factor of 18657?
True
Is 21 a factor of 1302?
True
Is 525 a multiple of 13?
False
Is 28 a multiple of 14?
True
Is 31 a factor of 5208?
True
Is 5414 a multiple of 103?
False
Does 10 divide 2086?
False
Is 17 a factor of 34504?
False
Is 4484 a multiple of 19?
True
Does 37 divide 4785?
False
Does 111 divide 1887?
True
Does 20 divide 14055?
False
Does 96 divide 3264?
True
Is 21 a factor of 260?
False
Is 25975 a multiple of 25?
True
Does 2 divide 139?
False
Is 5 a factor of 1061?
False
Is 424 a multiple of 12?
False
Is 46 a factor of 43660?
False
Is 17 a factor of 44166?
True
Is 3 a factor of 96?
True
Is 100 a factor of 36000?
True
Does 9 divide 152?
False
Is 5566 a multiple of 167?
False
Is 556 a multiple of 2?
True
Is 13 a factor of 246?
False
Does 7 divide 714?
True
Is 11 a factor of 786?
False
Is 133 a factor of 11172?
True
Does 42 divide 21168?
True
Is 146 a multiple of 5?
False
Does 49 divide 23324?
True
Does 10 divide 652?
False
Is 3128 a multiple of 7?
False
Is 7 a factor of 5310?
False
Does 112 divide 2464?
True
Is 91 a factor of 18473?
True
Is 4500 a multiple of 10?
True
Does 9 divide 675?
True
Is 22 a factor of 3278?
True
Is 44 a factor of 80?
False
Does 13 divide 1638?
True
Is 2 a factor of 259?
False
Does 10 divide 25699?
False
Does 6 divide 1207?
False
Is 28372 a multiple of 163?
False
Is 32 a factor of 2016?
True
Is 18 a factor of 14832?
True
Is 6225 a multiple of 9?
False
Is 679 a multiple of 66?
False
Does 131 divide 28165?
True
Is 23 a factor of 52186?
False
Does 45 divide 2270?
False
Is 4080 a multiple of 136?
True
Does 73 divide 2467?
False
Does 16 divide 2244?
False
Does 18 divide 2988?
True
Is 532 a multiple of 7?
True
Does 48 divide 480?
True
Does 14 divide 294?
True
Is 368 a multiple of 8?
True
Does 10 divide 32360?
True
Is 52 a factor of 2236?
True
Is 46 a factor of 1150?
True
Is 14 a factor of 343?
False
Is 350 a multiple of 14?
True
Is 28 a factor of 1680?
True
Is 13259 a multiple of 96?
False
Is 149 a multiple of 3?
False
Is 1283 a multiple of 6?
False
Is 266 a multiple of 25?
False
Does 14 divide 1722?
True
Is 17680 a multiple of 13?
True
Does 11 divide 1947?
True
Is 1752 a multiple of 55?
False
Is 30 a factor of 141?
False
Is 25 a factor of 25?
True
Is 251 a factor of 4990?
False
Is 1242 a multiple of 6?
True
Is 94 a factor of 1410?
True
Is 115391 a multiple of 21?
False
Is 56 a factor of 112?
True
Is 55 a factor of 12235?
False
Is 148 a multiple of 34?
False
Is 426 a multiple of 27?
False
Is 49 a factor of 191?
False
Is 22 a factor of 374?
True
Does 197 divide 2593?
False
Is 8 a factor of 27648?
True
Is 14 a factor of 172?
False
Is 6501 a multiple of 23?
False
Is 6 a factor of 2208?
True
Is 3450 a multiple of 25?
True
Is 913 a multiple of 11?
True
Is 14 a factor of 2142?
True
Does 10 divide 2140?
True
Is 7 a factor of 427?
True
Is 5 a factor of 2665?
True
Is 64 a factor of 2176?
True
Is 48 a factor of 1200?
True
Does 4 divide 455?
False
Does 61 divide 8000?
False
Does 68 divide 68?
True
Is 5 a factor of 775?
True
Is 30 a factor of 17250?
True
Is 261 a multiple of 2?
False
Is 13 a factor of 2106?
True
Does 5 divide 157?
False
Does 7 divide 483?
True
Is 6610 a multiple of 166?
False
Is 110939 a multiple of 167?
False
Is 33 a factor of 990?
True
Is 4157 a multiple of 6?
False
Is 18 a factor of 18796?
False
Does 3 divide 66?
True
Does 50 divide 13050?
True
Does 105 divide 5079?
False
Is 1408 a multiple of 44?
True
Does 73 divide 57766?
False
Is 50 a factor of 9005?
False
Is 13 a factor of 15067?
True
Is 46 a factor of 191?
False
Does 365 divide 63875?
True
Does 57 divide 458?
False
Does 127 divide 38354?
True
Is 9468 a multiple of 30?
False
Is 82 a multiple of 13?
False
Is 100 a factor of 58272?
False
Is 19 a factor of 103105?
False
Does 13 divide 5993?
True
Is 28 a factor of 392?
True
Is 11 a factor of 1908?
False
Is 11 a factor of 1793?
True
Is 1482 a multiple of 38?
True
Does 12 divide 480?
True
Does 20 divide 383?
False
Does 48 divide 13934?
False
Is 27 a factor of 5680?
False
Is 50 a factor of 3150?
True
Is 119 a factor of 2940?
False
Is 22 a factor of 66?
True
Is 19 a factor of 103873?
True
Is 3916 a multiple of 45?
False
Does 9 divide 87678?
True
Does 57 divide 11508?
False
Is 16821 a multiple of 75?
False
Does 2 divide 146?
True
Is 2880 a multiple of 10?
True
Is 294 a multiple of 21?
True
Does 29 divide 7337?
True
Is 18 a factor of 4356?
True
Is 2002 a multiple of 11?
True
Is 172 a multiple of 43?
True
Is 2823 a multiple of 7?
False
Is 1843 a multiple of 41?
False
Is 5 a factor of 22551?
False
Does 46 divide 368?
True
Does 33 divide 3366?
True
Is 9 a factor of 198?
True
Does 20 divide 4331?
False
Is 15 a factor of 3390?
True
Is 5058 a multiple of 6?
True
Does 69 divide 2070?
True
Is 20265 a multiple of 105?
True
Is 217 a factor of 11721?
False
Is 41045 a multiple of 43?
False
Is 25 a factor of 22584?
False
Does 34 divide 13483?
False
Does 24 divide 2184?
True
Is 82 a factor of 14104?
True
Is 7021 a multiple of 136?
False
Is 14 a factor of 907?
False
Is 12 a factor of 1848?
True
Is 42 a factor of 4773?
False
Is 18 a factor of 1471?
False
Is 16 a factor of 272?
True
Does 30 divide 3260?
False
Does 65 divide 2275?
True
Is 17616 a multiple of 48?
True
Is 17 a factor of 52853?
True
Is 4242 a multiple of 56?
False
Is 3 a factor of 384?
True
Is 59 a factor of 1158?
False
Is 38 a factor of 482?
False
Is 15 a factor of 33869?
False
Is 18 a factor of 40860?
True
Is 2010 a multiple of 30?
True
Is 801 a multiple of 9?
True
Is 6590 a multiple of 10?
True
Is 82 a factor of 2050?
True
Is 3828 a multiple of 116?
True
Does 81 divide 324?
True
Is 29 a factor of 24032?
False
Is 1035 a multiple of 23?
True
Does 16 divide 20080?
True
Is 7024 a multiple of 30?
False
Does 11 divide 935?
True
Is 2483 even?
False
Does 13 divide 74542?
True
Is 23 a factor of 3598?
False
Is 161 a factor of 20125?
True
Is 10 a factor of 1266?
False
Is 96 a factor of 3744?
True
Is 578 a multiple of 93?
False
Is 6912 a multiple of 8?
True
Is 2832 a multiple of 177?
True
Is 863 a multiple of 25?
False
Is 7 a factor of 2755?
False
Is 288 a multiple of 8?
True
Does 51 divide 1151?
False
Is 20 a factor of 780?
True
Is 8 a factor of 3752?
True
Is 9 a factor of 12276?
True
Is 81 a factor of 26973?
True
Does 38 divide 1480?
False
Does 25 divide 74575?
True
Does 21 divide 1029?
True
Is 22 a factor of 594?
True
Does 15 divide 3105?
True
Is 15 a factor of 660?
True
Is 49 a factor of 588?
True
Is 4 a factor of 21400?
True
Is 40020 a multiple of 116?
True
Does 6 divide 11316?
True
Does 3 divide 47?
False
Is 44 a factor of 1848?
True
Is 229 a factor of 17404?
True
Is 1338 a multiple of 6?
True
Does 16 divide 35536?
True
Does 13 divide 650?
True
Is 8876 a multiple of 18?
False
Is 23 a factor of 775?
False
Is 68 a factor of 44968?
False
Is 11 a factor of 834?
False
Does 54 divide 20742?
False
Is 815 a multiple of 8?
False
Is 11 a factor of 68343?
True
Is 40 a factor of 43200?
True
Is 1484 a multiple of 26?
False
Is 12 a factor of 14628?
True
Is 56 a multiple of 7?
True
Is 4590 a multiple of 71?
False
Does 171 divide 314?
False
Is 13 a factor of 1365?
True
Is 6108 a multiple of 6?
True
Is 15 a factor of 3447?
False
Is 10 a factor of 6284?
False
Is 199 a multiple of 5?
False
Does 20 divide 2189?
False
Is 40188 a multiple of 197?
True
Does 30 divide 660?
True
Does 18 divide 3704?
False
Is 22514 a multiple of 17?
False
Does 10 divide 480?
True
Is 62 a factor of 1364?
True
Is 106476 a multiple of 38?
True
Is 1040 a multiple of 12?
False
Does 39 divide 3237?
True
Is 1771 a multiple of 48?
False
Is 7 a factor of 9702?
True
Is 38304 a multiple of 72?
True
Is 56 a factor of 39088?
True
Does 6 divide 2074?
False
Is 1300 a multiple of 17?
False
Is 8 a factor of 1640?
True
Is 26217 a multiple of 9?
True
Is 34 a factor of 1094?
False
Is 5 a factor of 147?
False
Is 281 a multiple of 7?
False
Does 33 divide 39383?
False
Is 216 a multiple of 21?
False
Does 